+ (-44 - 4) - (-11 - 1)?
18
Calculate -15 - 0 - (2 + (-6 - 0) + 1).
-12
10 - (-13 - -2 - -14)
7
Evaluate (-11 + 16 - -10) + -9 - -16.
22
What is the value of (-1 - ((7 - -6) + 0)) + 4?
-10
4 + 12 + (-17 - -16)
15
What is 15 + 5 - 43 - -7?
-16
What is -2 + 4 - -2 - (-7 - (2 + -6))?
7
Evaluate 1 - (-4 + -1 + 0 + 92 + -72).
-14
1 + -29 + (-25 - -8) + 14 + 14
-17
(116 - 139) + (-8 - -5 - -14)
-12
-13403 + 13420 - (-1 - (-8 + 1))
11
What is the value of -2 - 12 - -10 - -7 - (-8 - 1)?
12
Evaluate 12 - ((11 - (18 + -17)) + 4).
-2
-3 - (14 + -7 + -5 - (0 - -14))
9
What is 4 + -7 - -17 - 16?
-2
-1909 - -1924 - (2 + (-9 - -2))
20
5 - (2 - (9 - 5))
7
Evaluate (15 + -6 - (11 - 5)) + -7 + -2.
-6
What is the value of -22 + 10 - (0 + -8 - -2)?
-6
Evaluate -224 + 211 + 3 + -1.
-11
What is (-8 - (5 - 8) - -25) + 243 + -255?
8
(-16 - -14) + (-5 - 29)
-36
What is the value of -2 + 24 + -29 - 0?
-7
What is 10 + -14 + (-13 - (-4 + 4 + -5))?
-12
237 + -212 - (4 - (1 + -4))
18
Calculate -1 - (1 - (-13 + -1)).
-16
Evaluate 2 + -23 + 15 - (-7 - -1).
0
What is the value of -7 - -3 - (-12 + 12) - -2 - -14?
12
What is the value of (1 - 5) + (-14 - (-10 - 0 - 0))?
-8
Calculate (165 - 147) + (-2 - 2).
14
-2 + (1 - 0) + (350 - 356) + 3
-4
Evaluate 7 - (30 - ((-12 - -4) + 17)).
-14
What is 2 + (8 - 29 - 4)?
-23
What is 9 + (10 - (13 - 4)) + -6 + 6?
10
What is -4 + (3 - 1) + -3?
-5
What is (6 + -10 - -29) + (-19 - (-3 - 4))?
13
Evaluate (2 - (13 + -2) - (-338 + 332)) + -1.
-4
What is the value of 2 - 2 - (-148 + 134)?
14
What is -1 - (-6 + -4) - (-3 - -28)?
-16
Evaluate (1 - (-2 + 22)) + (136 - 127) + 5.
-5
Evaluate 542 + -539 - (1 - 4).
6
Evaluate -7 - (3 + (2 - 2) - (-2 + 3)).
-9
Evaluate 3 + -2 + -48 + 27 + -1.
-21
-359 + 354 + (1 + -1 - -2)
-3
What is 13 + -6 + 0 + (16 - (-6 - -9))?
20
What is the value of -5 + 0 - (28 - 28)?
-5
Evaluate -1 + -4 + 2 + 11.
8
What is the value of (17 - (-6 + 14) - (6 - -4)) + 11?
10
What is the value of 7 - ((1 - 0) + (35 - 38))?
9
Evaluate (-2 - (4 - 2)) + 2 + (458 - 473).
-17
Calculate 59 - (64 + -51 + 20).
26
What is 6 + 0 + (-35 - -9) + (9 - -1)?
-10
Calculate 7 + -38 - -9 - -13.
-9
What is (4 - (-7 - -9)) + (-4 + 10 - -2)?
10
(424 - 419) + 0 + -1 + (-16 - 0)
-12
What is the value of 27 - (-20 - -54) - (3 - 1)?
-9
What is the value of (-12 - 5) + 119 + -69?
33
Calculate -2 - (6 - -2 - 27).
17
Evaluate (9 - 0) + (-3 - 22).
-16
Calculate 144 - 130 - (11 - 0).
3
Calculate -10 + 7 + -4 + 15 + -3.
5
What is the value of (1 - 0) + (-1012 - -983)?
-28
Calculate -22 + -3 + 11 + 4 + 19.
9
(-5 + 5 - 9 - -8) + (16 - -8)
23
14 - (-3 + 2 + (-16 - -12) - -4)
15
What is -4 - (-4 + (3 - -5) - (11 + -3))?
0
(15 - 15) + (0 - -1) + (2 - -2)
5
8 + 7 + -3 + -10 + (-5 - 1)
-4
2 - 1 - 8 - (-119 - -137)
-25
Evaluate (-6 - -19) + -13 + -7 + 12.
5
Evaluate 0 - (22 + 12 - 32).
-2
What is the value of (-2 - (8 - 21) - 4) + 4?
11
What is (34 - 13) + (-14 - -12)?
19
Calculate -21 - -15 - 5 - (-2 + (-2 - -2)).
-9
2 + -10 - (5 + -2 + -4)
-7
What is the value of 22 - (16 - (-16 + -9))?
-19
(-1 - (3 - 4)) + 13 + -11
2
(-8 - (-10 + 7) - (-1 - 11)) + -21
-14
Evaluate (-35 - -36) + (4 - 15).
-10
What is 2 - (-2 + -6 + 1 + (5 - -1))?
3
-28 - (4 - (4 + 9 + -1 - 9))
-29
(25 - 12 - 7) + -21
-15
What is 0 + -25 - (-46 + 3)?
18
(8 - (-5 - -13)) + (1 - (2 + -1))
0
What is (-19 - -14 - 8) + 13 + -1?
-1
What is the value of 6 + 19 - (56 + -47)?
16
Evaluate (4 - (6 - (14 + 7 + -1))) + -2.
16
Calculate -2 + (-12 - (-12 - -6)).
-8
What is 16 + (-8 - 3) + (-15 - -45)?
35
77 + -83 - (5 - -1)
-12
-1 + 14 + -16 + (2 - (-2 - 1))
2
What is 7 + -3 - 15 - -10?
-1
What is the value of 6 - 6 - -5 - (-3 + -1 + 5)?
4
-7 + (-2 - -7) + 10 + (-5 - 1)
2
What is the value of 13 + -12 + 0 - -6 - 2?
5
(-26 + 10 - -6) + 16 + -15
-9
What is 13 + -7 - 2 - (-16 + 18)?
2
Calculate 26 - (-50 + 23 - -58).
-5
What is the value of (13 - (14 + (15 - 53))) + -11?
26
Evaluate 14 + (5 - 1 - (3 + 0)).
15
What is the value of 14 + 0 + -1 + -38 + 35?
10
((13 - 1) + -4 - 3) + 6
11
What is the value of (6 - (0 - 7)) + -10 + 2?
5
(-11 - -5 - 10) + 4 + 23
11
Evaluate 19 + (-7 - (2 + -6 + 2 + -15)).
29
Calculate 6 - (-23 + (18 - (6 + -8 + 8))).
17
2 + -36 - ((11 + 1 - 9) + -11)
-26
(25 - 19) + (-6 - -7)
7
Evaluate (699 - 671) + (-1 - 26).
1
What is the value of 0 + 7 - (15 + (1 - -3) + 11)?
-23
0 + 0 - (-29 + 45) - (2 - 1)
-17
Calculate 32 - 37 - (1 + (-1 - (5 - 3))).
-3
Calculate 6 - (27 - 6) - -29.
14
What is the value of -1 + -8 - (-31 + 20)?
2
What is (-30 + 28 - (2 - -9)) + 3?
-10
Calculate -3 + 2 + -5 + (8 - (4 + -1)).
-1
Calculate (-8 - (-1 - (-1 - -7))) + 16 + -35.
-20
What is the value of -7 + (-2 - (1 - 3)) + -65 + 58?
-14
4 - 3 - (9 - (4 + -3)) - -21
14
What is the value of -6 - -32 - (3 - -29)?
-6
What is the value of 13 + (-9 - (-13 + 8))?
9
-34 - -28 - (17 - 16)
-7
What is -3 + 8 + -5 - 0 - 0 - -13?
13
-3 - (4 - -1) - (4 + -9 + 7)
-10
What is the value of -27 + 2 + -2 - (3 + -13 + 0)?
-17
What is (-19 - (-15 - -10)) + 22?
8
Calculate -23 - (-25 - (-26 + 6)).
-18
Evaluate 1 - (53 - 60) - (-4 - -2).
10
Evaluate (3 - (-3 - (-24 - -2))) + 10.
-6
Calculate (-2 + -5 - -9) + 6 + 1 + -14.
-5
What is 2 - (-57 + 57 - (-10 - 1))?
-9
Evaluate 41 + (-12 - (16 + -12) - -2).
27
What is the value of (-2 + 6 - 1 - -10) + (7 - 12)?
8
6 - (10 + 16 + -22)
2
Evaluate (-2 - 7 - -9) + -6 + 4.
-2
Calculate 8 + (2 - 8) + (53 - 60).
-5
-19 + 24 + (-6 - -6) + -5 - 22
-22
-21 + (0 - -4) + 106 + -93
-4
15 - ((0 - (4 + 1)) + (-188 - -195))
13
What is -11 - ((-14 - -24) + -9)?
-12
Evaluate -6 + -2 - (-1052 + 1019).
25
Evaluate 185 - 200 - (-6 + 2).
-11
4 + -18 + (2 - (-7 + 12))
-17
What is -41 + -9 + 23 - -6?
-21
What is 7 + -2 - (-2 - -3 - -21)?
-17
(-24 - -20) + (-2 - -9)
3
Calculate 20 + -8 - (-1 + 0) - (31 - 26).
8
Evaluate -10 + (0 - 2) - (12 - (-14 + 27)).
-11
Calculate 11 + (22 - 41) + (10 - 1).
1
Evaluate 5 + (-18 + 9 - (2 + 1)) + 4.
-3
25 + (-20 - -16 - 2) + 4
23
What is the value of (-85 - -43) + 36 - (0 - 2)?
-4
Evaluate 6 - (2 + 2) - (-5 + 2 + -5).
10
What is 0 - 14 - (-20 + 3)?
3
(1 + 9 - 7 - 0) + (8 - 5)
6
Evaluate -22 + 34 + -15 - -23.
20
Evaluate -17 - (12 - (20 + 19)).
10
Evaluate -1 + (-3 - 7 - -10) - -4.
3
What is the value of 2 - 1 - (-24 - (-13 + -18 + 15))?
9
What is the value of (25 + -27 - 8) + -12?
-22
Calculate 0 + -9 + (17 - -7) + -2.
13
Calculate 47 + -43 + -29 - (1 + -17).
-9
Calculate -5 - (5 - 2 - (-10 + 37) - -1).
18
Calculate -4 + -8 + 20 - (-12 + (2 - -2)).
16
Calculate (-4 - 1) + 938 + -914.
19
What is -11 - ((17 - 13) + -24)?
9
Calculate -1 + -14 + -2 + 10 - 0.
-7
-7 - -9 - (4 - 2 - -7)
-7
What is -12 + (9 + -12 + 9 - 4)?
-10
What is (24 + -8 - (29 - 30)) + 20?
37
-2 - (-31 + -28 + 47)
10
Calculate 2 + (7 - 4 - ((2 - 7) + -1)).
11
What is the value of -5 + -1 + -1 + 8?
1
8 + (-2 - (13 - 9))
2
What is 14 + -5 + -18 + (2 + -5 - -16)?
4
-14 + 12 + -39 - -33
-8
Evaluate 3 + -4 - -13 - (9 + -8 + -4).
15
What is the value of -4 + -2 - ((85 - 45) + -8 + -2)?
-36
Evaluate -7 + -7 + (24 - (10 - 7)) + -8.
-1
Evaluate 2 - (-21 + 9 + 20).
-6
What is 10 + (-52 + 62 - (7 + -2))?
15
Evaluate 8 - (2 + -2) - (13 + -8 + 13).
-10
What is (0 - 0) + -2 + 115 + -107?
6
-7 + (-8 - -20) + -13
-8
What is the value of -2 + (0 + (-1 - 5) - (-4 - -4))?
-8
Evaluate -62 - (-21 - (-32 + 38)).
-35
What is 4 + 55 + -16 + -41?
2
What is the value of -19 - (17 - 73) - 24?
13
What is (13 - (25 - 11)) + (1 - 1) + -4?
-5
What is (64 - 53) + 0 + -13 - 8?
-10
Evaluate -2 + 0 - -6 - (9 - (6 + 4)).
5
What is the value of (-22 - -27) + 13 + -6?
12
(-2 - -1) + -363 + 363
-1
Calculate 1 + -2 + 14 + 1 - (12 - 6).
8
Evaluate 3 + -5 + 14 - 16.
-4
What is -44 + 43 + 8 - ((-1 - 1) + -1)?
10
What is the value of (-3 - -26) + (293 - 340)?
-24
What is the value of 21 + -6 + 7 + (1 - 2) + -8?
13
Evaluate -34 + 2 - -10 - -12.
-10
What is the value of 7 + -3 + -3 - (145 - 145)?
1
18 + (-29 - -22) + 2
13
What is the value of (-23 - -14) + (-5 - -6 - -31)?
23
What is the value of -2 - (3 + -3 - -3) - (6 + 14)?
-25
(15 + -3 + -12 - 9 - -1) + 10
2
What is the value of (17 + -8 - 15 - (0 - 9)) + -7?
-4
What is the value of 103 - 100 - (6 - -2)?
-5
(6 - -22) + (8 - (2 + 3 + 11))
20
(-5 - 29 - -7) + (-10 - -7)
-30
Evaluate -9 + -1 + (-4 - -20 - 9).
-3
What is th